 47, 349, 6089
List the prime factors of 1004441626.
2, 1423, 352931
What are the prime factors of 574342898?
2, 1163, 246923
List the prime factors of 298064289.
3, 99354763
What are the prime factors of 56494032?
2, 3, 7, 383, 439
List the prime factors of 665392742.
2, 7, 31, 1533163
What are the prime factors of 217212242?
2, 13, 139, 60103
List the prime factors of 1712548834.
2, 9787, 87491
List the prime factors of 807982791.
3, 7, 11, 31, 112831
What are the prime factors of 1237374304?
2, 5659, 6833
What are the prime factors of 349720611?
3, 41, 2843257
List the prime factors of 347628349.
15991, 21739
List the prime factors of 970314779.
7, 138616397
What are the prime factors of 424872081?
3, 31, 109, 4657
List the prime factors of 198598129.
37, 1597, 3361
List the prime factors of 141885013.
141885013
List the prime factors of 621942332.
2, 11, 2621, 5393
What are the prime factors of 16456054?
2, 1181, 6967
List the prime factors of 2172137167.
2172137167
List the prime factors of 16400612.
2, 31, 132263
List the prime factors of 4245140573.
37, 114733529
What are the prime factors of 1475252767?
331, 4456957
List the prime factors of 1012266320.
2, 5, 13, 973333
What are the prime factors of 1895460107?
23, 82411309
What are the prime factors of 2975743451?
2975743451
List the prime factors of 74232647.
8563, 8669
What are the prime factors of 1230272374?
2, 615136187
What are the prime factors of 5076780758?
2, 7, 362627197
List the prime factors of 85676989.
457, 187477
What are the prime factors of 2843930220?
2, 3, 5, 23, 149, 13831
List the prime factors of 163919397.
3, 29, 43, 1019
What are the prime factors of 464726348?
2, 17, 79, 86509
List the prime factors of 1643223437.
10457, 157141
What are the prime factors of 251680116?
2, 3, 3541, 5923
List the prime factors of 49459199.
67, 738197
List the prime factors of 7654484451.
3, 347, 7353011
What are the prime factors of 30223636?
2, 31, 223, 1093
What are the prime factors of 177464832?
2, 3, 31, 3727
What are the prime factors of 579682969?
41, 1087, 13007
List the prime factors of 339515920.
2, 5, 4243949
What are the prime factors of 11671573?
11671573
What are the prime factors of 6173257148?
2, 127, 12152081
List the prime factors of 162861300.
2, 3, 5, 7, 1231
List the prime factors of 5144479424.
2, 7, 127, 12917
List the prime factors of 62486530.
2, 5, 6248653
List the prime factors of 54441570.
2, 3, 5, 1814719
What are the prime factors of 14193498?
2, 3, 11, 83, 2591
List the prime factors of 213518212.
2, 269, 198437
What are the prime factors of 92506302?
2, 3, 7, 734177
List the prime factors of 5876115643.
5876115643
List the prime factors of 2333861612.
2, 23, 3037, 8353
List the prime factors of 3690824904.
2, 3, 13, 23, 173, 991
List the prime factors of 479570364.
2, 3, 7, 13, 146389
What are the prime factors of 1026451981?
23, 3671, 12157
What are the prime factors of 69555747?
3, 877, 26437
List the prime factors of 56453435.
5, 1861, 6067
List the prime factors of 5991098248.
2, 17, 479, 91967
What are the prime factors of 572998236?
2, 3, 47749853
List the prime factors of 959009626.
2, 479504813
List the prime factors of 18716487.
3, 37, 168617
List the prime factors of 45986436.
2, 3, 43, 61, 487
List the prime factors of 1033159384.
2, 59, 1321, 1657
What are the prime factors of 182438311?
11, 227, 73063
What are the prime factors of 21672396?
2, 3, 29, 20759
List the prime factors of 1293146338.
2, 11, 31, 1896109
What are the prime factors of 709239770?
2, 5, 70923977
List the prime factors of 2741150787.
3, 23, 197, 421, 479
List the prime factors of 39625397.
7, 29, 53, 127
What are the prime factors of 5380374756?
2, 3, 29, 31, 251, 1987
List the prime factors of 647259998.
2, 7, 11, 71, 59197
What are the prime factors of 115228885?
5, 23045777
List the prime factors of 897314848.
2, 41, 827
List the prime factors of 1728568.
2, 216071
List the prime factors of 54341753.
54341753
List the prime factors of 22715716.
2, 19, 257, 1163
What are the prime factors of 730048125?
3, 5, 353, 1103
List the prime factors of 467871556.
2, 127, 921007
What are the prime factors of 13394949?
3, 4464983
What are the prime factors of 59736589?
11, 17, 19, 23, 43
List the prime factors of 560082695.
5, 112016539
What are the prime factors of 146097851?
146097851
List the prime factors of 455580815.
5, 37, 607, 4057
List the prime factors of 378824652.
2, 3, 10522907
List the prime factors of 9498319986.
2, 3, 149, 181, 58699
What are the prime factors of 37493171?
37493171
List the prime factors of 148690014.
2, 3, 11, 199, 11321
List the prime factors of 429318784.
2, 29, 115657
What are the prime factors of 637836509?
1877, 339817
What are the prime factors of 624448201?
13, 48034477
List the prime factors of 12569302.
2, 1069, 5879
What are the prime factors of 2071617193?
2071617193
What are the prime factors of 4005975332?
2, 1001493833
List the prime factors of 72315633.
3, 13, 1854247
List the prime factors of 220202626.
2, 7, 29, 542371
List the prime factors of 291837630.
2, 3, 5, 7, 198529
What are the prime factors of 1421026186?
2, 9941, 71473
List the prime factors of 113352990.
2, 3, 5, 131, 28843
What are the prime factors of 20881658?
2, 7, 1491547
List the prime factors of 1036975292.
2, 259243823
What are the prime factors of 3040246979?
7, 11, 1109, 35603
List the prime factors of 4688044.
2, 23, 50957
List the prime factors of 3081164089.
19, 162166531
List the prime factors of 51599816.
2, 29, 197, 1129
What are the prime factors of 239457871?
311, 769961
What are the prime factors of 649457?
649457
List the prime factors of 2856505350.
2, 3, 5, 19043369
List the prime factors of 5595432525.
3, 5, 23, 1081243
What are the prime factors of 374650543?
374650543
List the prime factors of 35244839.
7, 733, 6869
What are the prime factors of 113239519?
29, 293, 13327
List the prime factors of 23500422.
2, 3, 11, 39563
List the prime factors of 103104572.
2, 25776143
List the prime factors of 6561914290.
2, 5, 19, 41, 842351
What are the prime factors of 246713122?
2, 2221, 55541
What are the prime factors of 736558196?
2, 11, 16739959
What are the prime factors of 272162863?
7, 109, 356701
List the prime factors of 72639535.
5, 593, 24499
List the prime factors of 742102960.
2, 5, 9276287
List the prime factors of 403204017.
3, 134401339
What are the prime factors of 4309769?
131, 167, 197
List the prime factors of 2358740152.
2, 31, 9511049
What are the prime factors of 168118634?
2, 7907, 10631
What are the prime factors of 32333126?
2, 7, 1093, 2113
What are the prime factors of 3813073732?
2, 13, 73328341
What are the prime factors of 3270441935?
5, 193, 257, 13187
What are the prime factors of 390536558?
2, 157, 1243747
What are the prime factors of 299029141?
23, 79, 199, 827
List the prime factors of 554792796.
2, 3, 15410911
What are the prime factors of 2223229806?
2, 3, 7, 17644681
What are the prime factors of 244523785?
5, 11, 401, 11087
What are the prime factors of 2108013210?
2, 3, 5, 37, 633037
List the prime factors of 781521786.
2, 3, 113, 223, 1723
What are the prime factors of 162961584?
2, 3, 3395033
List the prime factors of 4370565444.
2, 3, 7, 1613, 32257
What are the prime factors of 40222826?
2, 7, 29, 14153
What are the prime factors of 291365991?
3, 7, 57097
List the prime factors of 243730344.
2, 3, 11, 13, 47, 1511
List the prime factors of 602549607.
3, 11, 23, 257, 3089
What are the prime factors of 245994682?
2, 127, 131, 7393
What are the prime factors of 5397755?
5, 11, 17, 23, 251
List the prime factors of 124272205.
5, 379, 65579
What are the prime factors of 539814221?
113, 727, 6571
List the prime factors of 47270805.
3, 5, 3151387
List the prime factors of 30442428.
2, 3, 845623
List the prime factors of 28544950.
2, 5, 7, 61, 191
What are the prime factors of 911752365?
3, 5, 113, 167, 3221
What are the prime factors of 524955327?
3, 13, 71, 189583
What are the prime factors of 12148141?
12148141
What are the prime factors of 1218347?
13, 93719
List the prime factors of 512767020.
2, 3, 5, 8546117
List the prime factors of 107610171.
3, 37, 969461
List the prime factors of 868083718.
2, 